f n(w)?
2, 3
Let v(r) = 198*r + 52. List the prime factors of v(5).
2, 521
Suppose -2*u + 18 = 14. Let y(k) = k**2 + k + 3. Let i be y(-6). Suppose -u*b + 5*q - 2 = -i, 3 = -3*q. What are the prime factors of b?
13
Suppose -3*p - 9 + 21 = 0, -5*h + 4*p - 76 = 0. Let s be (-4)/3*h/8. Suppose 0 = 7*y - s*y - 200. What are the prime factors of y?
2, 5
Let j = -3287 + 5888. What are the prime factors of j?
3, 17
Suppose 0*k + 13*k - 3770 = 0. List the prime factors of k.
2, 5, 29
List the prime factors of 7/7*801/3.
3, 89
List the prime factors of 12/26 + (-1026990)/(-585).
2, 439
Suppose 461*t = 465*t - 13312. What are the prime factors of t?
2, 13
Let f(i) = 316*i**2 - 2*i. Let c be f(-1). Suppose w - 4*w + c = 0. What are the prime factors of w?
2, 53
Suppose -f - f + 1256 = 4*y, -1256 = -4*y - 4*f. Let n = -210 + y. List the prime factors of n.
2, 13
Suppose 13 = 3*o + 16. What are the prime factors of (-18)/(o - (-4)/(-8))?
2, 3
Let q(y) = y**2 - 9*y - 3. Let s(d) = 2*d**2 - 19*d - 5. Let a(u) = -7*q(u) + 3*s(u). Let j be a(-4). Let x = -11 - j. List the prime factors of x.
23
Suppose 23 = 2*i - c + 146, 5*i + c = -311. Suppose 4*x - 378 = 102. Let a = i + x. List the prime factors of a.
2, 29
Let m(s) = 6*s**2 + 103*s - 28. What are the prime factors of m(-21)?
5, 7, 13
Let v = 381 - 57. List the prime factors of v.
2, 3
Let s = 601 + -521. List the prime factors of s.
2, 5
Suppose -5322*a = -5318*a - 13616. What are the prime factors of a?
2, 23, 37
Suppose l + 3*l = -4*m + 144, 2*l + m = 74. Suppose -3 = t, b - 2*t = t + l. What are the prime factors of b?
29
Let k(g) = g + 4. Let c be k(-2). Suppose -2*f + f = 1, -p + c*f = 2. Let b(l) = -2*l**3 - 5*l**2 - 3*l - 5. List the prime factors of b(p).
5, 11
Suppose 0 = 4*t - m - 49, 0 = 3*t - 2*t + 3*m + 4. Let b = 40 + -29. Let f = b + t. List the prime factors of f.
2, 11
Suppose -28*z - 4*z + 2944 = 0. List the prime factors of z.
2, 23
Let q = -23 - -25. Let x(i) = 4*i - 1 - i + 0 + 0*i**3 - 5*i**q - i**3. List the prime factors of x(-7).
2, 19
Suppose -3*k + t + 5977 = 0, -19*t + 3994 = 2*k - 15*t. List the prime factors of k.
1993
Suppose 2*u + 4586 = 3*n, 3*u + 19 = 7. What are the prime factors of n?
2, 7, 109
Let o(p) = -2*p - 4*p + 3*p**2 + 2 - 2*p. Let v(x) = -x**2 + 8*x - 10. Let r be v(4). List the prime factors of o(r).
2, 31
Let k(m) = 488*m - 2. What are the prime factors of k(2)?
2, 487
Let b = -218 - -609. List the prime factors of b.
17, 23
Let m be (88 + -7)*1/3. Suppose -5*a - 5 = 0, 5*a = -f + 2*f + m. Let h = 64 + f. What are the prime factors of h?
2
Suppose -3*l = l + 8. Let v(t) = -9*t**2 - 2*t**3 - t**3 + t + 4*t**3 + 1 + 12*t**2. List the prime factors of v(l).
3
Suppose -r - 3*n + 8*n = 16, -4*r + 26 = -2*n. Suppose -4*m + r*m - 695 = -5*t, 3*m + 727 = 5*t. What are the prime factors of t?
11, 13
Suppose -3681 = 13*s - 22*s. List the prime factors of s.
409
Suppose 3*l - 601 = 68. List the prime factors of l.
223
Let h(u) = 7*u**2 - u + 2. Suppose -r + 24 = -3*r. Let n = 10 + r. What are the prime factors of h(n)?
2
Let q(x) be the third derivative of x**6/120 + x**5/6 - x**4/24 - 10*x**2. What are the prime factors of q(-10)?
2, 5
Let i = 122 - 99. List the prime factors of i.
23
Suppose -1439 = -14*b + 17. What are the prime factors of b?
2, 13
Let a = 172 - 169. Let z(h) = 2*h - 8. Let f be z(6). Suppose -f*r = -2*o - 3*o + 101, a*r = 2*o - 39. What are the prime factors of o?
3, 7
Let j be (-1 - -2)*4 - -2. Suppose -38 + j = -x. What are the prime factors of x?
2
Let m(n) = 2*n**3 - 4*n**2 + 6*n - 2. What are the prime factors of m(2)?
2, 5
Suppose -5*p + 85 = -4*p. Suppose 30 = 5*s - 0*s. Suppose s*w - p = w. What are the prime factors of w?
17
Suppose 5*g + 8 = 33. Suppose -19 = g*i - 4. List the prime factors of ((-10)/i)/(-2)*-6.
2, 5
Let r = 147 - 140. Suppose -249 + 844 = r*f. What are the prime factors of f?
5, 17
Let u = -39 + 59. Let c = u - 15. List the prime factors of c.
5
Let t = -1111 + 2714. List the prime factors of t.
7, 229
Let z be (-24)/20*10/(-6). Let f be (z*-1)/(6/(-9)). Suppose -f*q + 8 + 1 = 0, 4*a = 3*q + 95. What are the prime factors of a?
2, 13
Suppose -150810 = -19*h - 14*h. List the prime factors of h.
2, 5, 457
Suppose -11 = -2*a + 3*a - 4*o, 2*o = -5*a + 55. Suppose 0 = -a*f + 4*f + 225. What are the prime factors of f?
3, 5
Let d(b) = b**2 - 9*b + 17. Let i be d(7). Suppose 0 = -i*f + 4*f - 36. Suppose -f = -2*n + 2. List the prime factors of n.
19
Suppose 4 - 19 = -5*h. Suppose 36 = -p + 3*p + h*j, -j = 5*p - 90. What are the prime factors of p?
2, 3
Let n = -30 - -42. Let m = 23 - 51. Let y = n - m. What are the prime factors of y?
2, 5
Suppose -2*m - 5*j + 14 = 0, 0*j + 12 = m + 5*j. Let o be (-141)/m - (-9)/6. Let q = -44 - o. What are the prime factors of q?
5
Let m = 226 - 58. Suppose -a = 2*a - m. Suppose 3*n - 2*p - 17 = 0, 4*n + 4*p + 0 = a. List the prime factors of n.
3
Suppose -f + 2 = -4. Let k(r) = r**3 - 6*r**2 - r + 8. Let i be k(f). Suppose -i*x + 29 = 1. List the prime factors of x.
2, 7
Suppose 2*t - 168 = -0*t. List the prime factors of t.
2, 3, 7
Suppose 0 = p - 0*p - 1855. List the prime factors of 4/24 + p/30.
2, 31
Let l(s) = -33*s - 11. Let d be l(4). Let h = -69 - d. List the prime factors of h.
2, 37
List the prime factors of 20/3*(82 + (9 - 4)).
2, 5, 29
Suppose -4*b + 1250 = -3*p - 397, p = 4*b - 1653. What are the prime factors of b?
2, 3, 23
Suppose -5*x - 4*v = -124, -5*v = 3*x - 0*v - 64. Suppose 5*u + 65 = 4*u. What are the prime factors of (-8)/x + u/(-7)?
3
Let y(f) = 2*f**3 + 4*f**2 - 9*f + 5. Let l be y(3). List the prime factors of l + (2 - -1) - -2.
73
Suppose 11*m = 8*m. Suppose 5*n + 15 = -3*k + 60, m = k + 5*n - 25. What are the prime factors of k?
2, 5
Suppose -370*w = -375*w + 520. What are the prime factors of w?
2, 13
Suppose -10*h + 17*h - 7763 = 0. What are the prime factors of h?
1109
List the prime factors of (3/(-3))/(22/(-6798)).
3, 103
Let c be ((-16)/40)/(2/30). Let g = -6 - c. Suppose -i + 5*m + 23 = 0, 2*m + 38 = i - g*i. What are the prime factors of i?
2, 3
Suppose -p + 3*z + 269 = 4*p, -4*p = -z - 211. Suppose d = -0*d + p. List the prime factors of d.
2, 13
Suppose 4*b - 156 = -432. Let q = 131 + b. List the prime factors of q.
2, 31
Let n be (-655)/(-9) - (-44)/198. Let a = n - 9. List the prime factors of a.
2
Let n(i) = i**2 + 12*i + 4. Let m be n(-12). Suppose 0*t - 80 = -4*t. Suppose o + m*o + 20 = 4*j, -o = -4*j + t. What are the prime factors of j?
5
Suppose c + 6*a - 3*a - 280 = 0, -5*a = 4*c - 1092. Let t = 378 - c. List the prime factors of t.
2, 5, 11
Suppose n - 1 = 5*h + 16, 4*n - 3*h - 17 = 0. Suppose 0*c + n*c = 2. What are the prime factors of 27 - c - (7 + -6)?
5
List the prime factors of -35*((-142)/(-4))/(70/(-140)).
5, 7, 71
Let c(h) = -7 + 1 - 13*h + 16*h. Suppose 3*p = -5*d + 48, -2*p - 2*d - 16 = -4*p. What are the prime factors of c(p)?
3
Suppose -2*a = 2*v - 1420, 2842 = 4*a - 0*a + 3*v. What are the prime factors of a?
2, 89
Let q = 3394 + -170. What are the prime factors of q?
2, 13, 31
Suppose 0*f = 3*f + 3. Let a = f - 2. What are the prime factors of 1/a*(-79 + 1)?
2, 13
Let m(o) = 5*o**2 - 6*o - 10. Suppose -3*i + 5*x + 0 = 27, -3*i - 21 = -3*x. List the prime factors of m(i).
2, 47
Let m be (-764)/20 + (-16)/20. Let u = 13 - m. What are the prime factors of u?
2, 13
Let x(d) = -2*d**2 + 41*d - 93. Let s be x(18). Let h(f) = -f**2 + 4*f - 3. Let w be h(7). Let i = s - w. What are the prime factors of i?
3, 7
Let a(n) = -n**2 - 8*n - 5. Suppose -2*b - 6 = -2, -k + b = -4. Suppose 3*u - 5*u + 2*z - 12 = 0, -k*u + 4*z - 14 = 0. What are the prime factors of a(u)?
2, 5
Suppose 3*j + o = 6*o + 5518, 3*j = -3*o + 5526. What are the prime factors of j?
7, 263
Suppose 5590 = 2*w + 2*i, -4*w + 40*i - 35*i + 11198 = 0. List the prime factors of w.
2797
Suppose 780*s + 3492 = 784*s. List the prime factors of s.
3, 97
Suppose 7*j - 3*j = 0. Suppose -3*g + 2*g = j. What are the prime factors of (-2)/(-1)*(22 - g)?
2, 11
Let b = 3447 + -1773. What are the prime factors of b?
2, 3, 31
Suppose 12*n = 11*n + 7. Let j(m) = m**3 - 5*m**2 - 2*m + 12. List the prime factors of j(n).
2, 3
Suppose -q + 7031 = 2*q - 2*m, 0 = -4*q + m + 9373. What are the p